. Let g(k) = 4*k**2 + 2*k - 2. Let i be g(u). Calculate the highest common factor of i and 42.
14
Suppose -6 - 6 = -3*q. Suppose 3*a + a - 62 = -5*y, -q*y + 82 = 5*a. Let v(i) = 46*i**2 - 2*i + 1. Let x be v(1). What is the greatest common factor of x and a?
9
Suppose -2*n = 8, 10 = 5*j + n - 26. Let c be (18/j)/(4/304). What is the greatest common factor of c and 19?
19
Let o be (5 + 1 - -1)/1. Suppose 0*s + s = 3. Let d be s/(-6) + 465/6. What is the highest common factor of d and o?
7
Let k(n) = -n + 11. Let d be k(8). Suppose -d*x - 9 = -4*x. Calculate the greatest common factor of x and 18.
9
Let v(l) = 4*l**2 + 14*l + 2. Let b be v(-7). Calculate the highest common divisor of b and 20.
20
Suppose 8*y + 0*y - 72 = 0. What is the greatest common factor of y and 72?
9
Let r = -74 - -106. Let h(b) = 2*b**2 - 5*b + 4. Let j be h(3). Let l be (0 - (5 - 2)) + j. What is the highest common divisor of r and l?
4
Let y(t) be the first derivative of 8*t - 5*t**2 + 8/3*t**3 + 1 - 1/4*t**4. Let a be y(6). What is the highest common factor of 50 and a?
10
Suppose -13*q + 3*q + 610 = 0. What is the highest common divisor of 427 and q?
61
Suppose -3*k - 276 = -5*f - 5*k, 0 = -f - 3*k + 50. What is the greatest common divisor of 42 and f?
14
Suppose -4*q + 610 = -5*h, 0 = 2*q - 7*q - 3*h + 744. What is the greatest common divisor of 30 and q?
30
Suppose -6*y + 256 = -50. What is the highest common divisor of 204 and y?
51
Let h(n) = -2 + 0 + 0 + 7*n. Let s be h(4). Let j be (-4)/(-16) - 153/(-12). What is the greatest common factor of j and s?
13
Let v = 184 - 129. What is the highest common factor of 11 and v?
11
Let z = 5 + -6. Let k = 3 + z. Suppose k*d - 3*j = -5, 3*d - 3*j + 0*j = 0. Calculate the highest common factor of d and 10.
5
Let k(y) = -y + 7. Let b be k(8). Let h be 7 + 4/b + 15. Calculate the highest common divisor of 162 and h.
18
Let v be 5076/15 + (-4)/10. Suppose v = 5*d + 58. Calculate the greatest common divisor of d and 14.
14
Suppose 0 = -5*f - 2*r + 15, -3*f + 0 = -r + 2. Let c be 11 + 2 + (f - 1). What is the greatest common factor of 39 and c?
13
Let o(f) = f**2 - 6*f - 10. Let z be o(10). Let l(g) = g**3 - 2*g**2 + 2*g - 3. Let a be l(3). What is the highest common factor of z and a?
6
Let x be ((-8)/(-2))/2 + 141. Calculate the highest common factor of 13 and x.
13
Let k(q) be the second derivative of -1/2*q**2 + 41/6*q**3 + 3*q + 0. Let n be k(2). What is the greatest common divisor of n and 9?
9
Suppose 14 + 56 = l. Let d(p) = p**3 + p**2 - 3*p + 1. Let w be d(3). Calculate the greatest common divisor of w and l.
14
Let d be 2 + -4 + 5 - 62. Let l = d - -129. What is the highest common divisor of l and 10?
10
Suppose -k - 2*k = 2*f - 22, -5*f + 48 = 4*k. Calculate the highest common divisor of 20 and f.
4
Let v be 79/158 - (-178)/4. Let x = -2 + 7. Calculate the highest common factor of x and v.
5
Let c = -33 - -60. Calculate the greatest common divisor of 18 and c.
9
Let k(f) be the second derivative of -23*f**5/5 + f**3/6 - f. Let g be k(-1). Calculate the highest common divisor of 13 and g.
13
Let f = -142 + 162. What is the highest common divisor of f and 100?
20
Let v(g) = -2*g - 15. Let n(c) = 8*c + 61. Let h(p) = -2*n(p) - 9*v(p). Let d be h(-6). Calculate the greatest common factor of 2 and d.
1
Let i be 552/60 - (-4)/5. What is the highest common factor of i and 30?
10
Let o be 2/(-6) + 16/(-6). Let b be 1 + (o - -2 - 0). Suppose -3*v + 30 - 6 = b. Calculate the highest common divisor of v and 24.
8
Let g(c) = 0 + 12*c + 8*c + 6 - 4. Let o be g(2). What is the greatest common divisor of 14 and o?
14
Suppose 12 + 15 = 3*y. Suppose -k + 0*k = -3. What is the greatest common factor of k and y?
3
Let s be 517/55 + (-6)/15. Calculate the highest common divisor of 144 and s.
9
Let s(f) = -f**2 + 14*f - 6. Let a be s(11). Suppose a = c - 3. Calculate the highest common divisor of c and 270.
30
Let q(u) = u**2 - 10*u + 11. Let k be 25/2*8/10. Let h be q(k). Calculate the highest common factor of 121 and h.
11
Let v = -20 + 23. Calculate the highest common divisor of 15 and v.
3
Suppose -2*m = 5*y - 30 - 38, 0 = -2*y - m + 27. Let l be (-2)/(-4)*y + 3. Calculate the greatest common factor of l and 70.
10
Suppose 3*p + 0*p = 9. Let m be ((-11)/4)/(2/8). Let b = -5 - m. What is the highest common divisor of p and b?
3
Suppose 25 = 4*y - 7. Suppose 10 = 2*l - y. What is the highest common divisor of l and 45?
9
Suppose -405 = 15*o - 18*o. Calculate the highest common divisor of 15 and o.
15
Let i(h) = -h**3 + 5*h**2 + 2*h - 2. Let p be i(5). Let r be ((-7)/(-3) - 3)/(1/(-132)). What is the highest common factor of p and r?
8
Let k(p) = -p**2 - 21*p - 23. Let t be k(-19). Calculate the greatest common divisor of 10 and t.
5
Suppose 0 = -s + 86 - 9. What is the highest common divisor of 7 and s?
7
Let h be 3 + 2 + (-5 - -3). Let z(t) = -t - 2. Let u be z(-5). What is the greatest common factor of h and u?
3
Suppose -p - 21 = -2*p. Suppose -2*o + 2 + 4 = 0. Calculate the highest common divisor of o and p.
3
Let w = 10 + -2. Suppose -4*i - 112 = -4*v, -w = -5*i + 12. What is the greatest common factor of 224 and v?
32
Let c be (-16)/5 + (-6)/(-30). Let q(n) = -17*n - 7. Let g be q(c). What is the highest common factor of 4 and g?
4
Let t(g) = -54*g + 1. Let l be t(-1). What is the greatest common divisor of l and 44?
11
Suppose 3*d - 48 = -d. Calculate the greatest common factor of d and 96.
12
Let i(b) = 43*b**3 - b**2 - b + 1. Let s be i(1). Let l be (24/9)/(2/s). What is the highest common factor of 7 and l?
7
Let l = -29 + 31. What is the highest common factor of 8 and l?
2
Suppose i + 46 = -r, 5*r = 4*i + 50 + 116. Let l = -22 - i. Let o be -2 - -1 - (-1 + -2). What is the greatest common factor of o and l?
2
Let i be (-8)/6*9/(-6). Suppose -i*n = -6*n + 88. Calculate the greatest common factor of n and 44.
22
Let r be 22/11 + 1 + 82. What is the greatest common divisor of r and 17?
17
Suppose k + 3*k = 112. Let g(r) = -r**2 + 7*r. Let w be g(6). Let f be (w - -1)/(-1)*-6. Calculate the greatest common factor of k and f.
14
Let d be (0 - -22)*2/4. Calculate the highest common divisor of 88 and d.
11
Let m = 154 + -62. Suppose 2*y + 4*f - m = 0, -y = 3*y + f - 212. What is the greatest common divisor of 36 and y?
18
Suppose 0 = -3*i + 1 - 13. Let t(f) = -2*f + 3. Let l be t(i). Calculate the greatest common factor of 99 and l.
11
Suppose -5*g - 2 = -4*r - 30, 3*r + g = -2. Let a be 24 - (-1)/r*2. Suppose 0 = 4*m - a - 285. Calculate the highest common divisor of 7 and m.
7
Let y(c) = -2*c - 1. Let u be y(-5). Suppose -2*l + 307 = 5*o, -4*o + l - 2*l + 248 = 0. What is the highest common factor of o and u?
9
Suppose 8 = 4*a - 8. Let y(f) = 2*f**2 + 20*f + 10. Let j be y(-11). Calculate the greatest common divisor of a and j.
4
Suppose -3*d + 5*j = -26, 7 = -4*j - 9. Suppose -o = c - 1, 8*o - c + 1 = 5*o. Let n be (4 - 3) + o/1. What is the greatest common divisor of d and n?
1
Let s = 9 + 17. Suppose 2*n - s = -2*w, -3*n = -0*n - w - 35. Calculate the highest common divisor of n and 4.
4
Suppose 4*i - 2 = 3*r + 2, 4*i - 4 = -4*r. Let m = r - -2. Calculate the highest common divisor of m and 14.
2
Let x(f) = -f**2 - 18*f - 15. Let j be x(-15). Let p be 2*(0 - -1) + -2. Let u = p + 75. Calculate the highest common divisor of j and u.
15
Let b(r) = -r**3 - 7*r**2 + 9*r + 11. Let m be b(-8). Suppose 0 = m*t - 0 + 12, 0 = 4*l - 2*t - 24. Calculate the highest common factor of 10 and l.
2
Let a(c) = -4*c + 6. Let m be a(3). Let y be ((-90)/27)/(4/m). Suppose -30 = f - 3*f. What is the highest common divisor of y and f?
5
Suppose 0 = -3*h + 4 + 2. Suppose 5*n = -2*z - 30, -3*n - 2*z = h*z + 4. Let u = n - -13. Calculate the highest common factor of u and 10.
5
Let l = 12 - 9. What is the greatest common factor of l and 21?
3
Let q(w) = 29*w**2 - 1. Let x be q(-1). Suppose 0 = -m + 60 + x. Calculate the highest common factor of 11 and m.
11
Let b = -46 + 60. What is the highest common divisor of 14 and b?
14
Let p be (-1)/(-1) + 2 + 0. Suppose -g + 4*g - 2*s = 30, 0 = 3*g + p*s - 15. What is the highest common divisor of 4 and g?
4
Suppose -16 = -0*t - 2*t. Suppose 0 = q - 9 - 23. Calculate the highest common divisor of t and q.
8